{"id":250,"date":"2010-02-25T16:51:17","date_gmt":"2010-02-25T16:51:17","guid":{"rendered":"http:\/\/naturistphysis.wordpress.com\/?page_id=250"},"modified":"2021-04-20T11:59:25","modified_gmt":"2021-04-20T11:59:25","slug":"pacchetto-naturista","status":"publish","type":"page","link":"https:\/\/physis.sicilianaturista.it\/?page_id=250","title":{"rendered":"Pacchetto Naturista"},"content":{"rendered":"<div>\n<div>\n<div id=\"attachment_225\" style=\"width: 148px\" class=\"wp-caption aligncenter\"><a href=\"https:\/\/physis.sicilianaturista.it\/wp-content\/uploads\/2009\/10\/bagno_turco.jpg\"><img loading=\"lazy\" decoding=\"async\" aria-describedby=\"caption-attachment-225\" class=\" wp-image-225\" title=\"Bagno Turco\" src=\"https:\/\/physis.sicilianaturista.it\/wp-content\/uploads\/2009\/10\/bagno_turco.jpg?w=99\" alt=\"Una nostra associata nel bagno turco convenzionato\" width=\"138\" height=\"208\" srcset=\"https:\/\/physis.sicilianaturista.it\/wp-content\/uploads\/2009\/10\/bagno_turco.jpg 282w, https:\/\/physis.sicilianaturista.it\/wp-content\/uploads\/2009\/10\/bagno_turco-199x300.jpg 199w\" sizes=\"auto, (max-width: 138px) 100vw, 138px\" \/><\/a><p id=\"caption-attachment-225\" class=\"wp-caption-text\">Una nostra associata nel bagno turco convenzionato<\/p><\/div>\n<p>Da questo autunno offriamo un pacchetto,<br \/>\na carattere nudo-naturista, completo:<\/p>\n<p style=\"text-align: center;\"><strong>\u201cGuida naturista + hammam\u201d<br \/>\na sole 15 EUR a persona. <\/strong><\/p>\n<p>Il pacchetto comprende:<\/p>\n<p>* due escursioni nelle zone di interesse naturista con guida naturalistica e naturista essa stessa. E\u2019 possibile concordare varie mete in accordo con la guida. Quest\u2019ultima, una ragazza simpatica e solare, specializzata in merito alla conoscenza del territorio, sapr\u00e0 consigliarvi al meglio sulle mete e sui luoghi pi\u00f9 belli dove potersi spogliare in tranquillit\u00e0 (meteo permettendo!);<br \/>\n* un ingresso al centro benessere per usufruire del servizio \u201cbagno turco\u201d e tisana depurativa. Oltre a tale servizio \u00e8 possibile concordare in loco altri<br \/>\ntrattamenti; la proprietaria del centro benessere, naturista ella stessa, \u00e8 specializzata, infatti, in trattamenti shiatzu, digitopressione ed altre terapie<br \/>\nnaturali. Il centro, inoltre, \u00e8 attrezzato per tutti i classici<br \/>\ntrattamenti estetici di normale routine (depilazione, epilazione,<br \/>\npeeling, scrub, massaggi linfodrenanti, tonificanti etc.). La nudit\u00e0 \u00e8 obbligatoria all&#8217;interno del bagno turco e dei locali limitrofi e facoltativa negli altri spazi del centro stesso.<\/p>\n<p><span style=\"color: #c0c0c0;\">N.B.<\/span><\/p>\n<p><span style=\"color: #c0c0c0;\">I servizi saranno effettuati alla tariffa pubblicata solo in presenza di un minimo di 5 partecipanti<\/span><\/p>\n<\/div>\n<h1>N.B.<\/h1>\n<h1>Servizio momentaneamente sospeso<\/h1>\n<\/div>\n","protected":false},"excerpt":{"rendered":"<p>Da questo autunno offriamo un pacchetto, a carattere nudo-naturista, completo: \u201cGuida naturista + hammam\u201d a sole 15 EUR a persona. Il pacchetto comprende: * due escursioni nelle zone di interesse naturista con guida naturalistica e naturista essa stessa. E\u2019 possibile concordare varie mete in accordo con la guida. Quest\u2019ultima, una ragazza simpatica e solare, specializzata&nbsp;&hellip;<\/p>\n","protected":false},"author":2,"featured_media":0,"parent":0,"menu_order":0,"comment_status":"open","ping_status":"open","template":"","meta":{"footnotes":""},"class_list":["post-250","page","type-page","status-publish","hentry"],"_links":{"self":[{"href":"https:\/\/physis.sicilianaturista.it\/index.php?rest_route=\/wp\/v2\/pages\/250","targetHints":{"allow":["GET"]}}],"collection":[{"href":"https:\/\/physis.sicilianaturista.it\/index.php?rest_route=\/wp\/v2\/pages"}],"about":[{"href":"https:\/\/physis.sicilianaturista.it\/index.php?rest_route=\/wp\/v2\/types\/page"}],"author":[{"embeddable":true,"href":"https:\/\/physis.sicilianaturista.it\/index.php?rest_route=\/wp\/v2\/users\/2"}],"replies":[{"embeddable":true,"href":"https:\/\/physis.sicilianaturista.it\/index.php?rest_route=%2Fwp%2Fv2%2Fcomments&post=250"}],"version-history":[{"count":3,"href":"https:\/\/physis.sicilianaturista.it\/index.php?rest_route=\/wp\/v2\/pages\/250\/revisions"}],"predecessor-version":[{"id":873,"href":"https:\/\/physis.sicilianaturista.it\/index.php?rest_route=\/wp\/v2\/pages\/250\/revisions\/873"}],"wp:attachment":[{"href":"https:\/\/physis.sicilianaturista.it\/index.php?rest_route=%2Fwp%2Fv2%2Fmedia&parent=250"}],"curies":[{"name":"wp","href":"https:\/\/api.w.org\/{rel}","templated":true}]}}